{"id":74,"date":"2023-08-18T00:25:38","date_gmt":"2023-08-18T00:25:38","guid":{"rendered":"http:\/\/www.enfermeria.umich.mx\/?page_id=74"},"modified":"2026-02-11T13:13:03","modified_gmt":"2026-02-11T19:13:03","slug":"licenciatura","status":"publish","type":"page","link":"http:\/\/www.enfermeria.umich.mx\/index.php\/licenciatura\/","title":{"rendered":"Licenciatura"},"content":{"rendered":"\n<div class=\"wp-block-stackable-columns stk-block-columns stk-block stk-bfbfa1d\" data-block-id=\"bfbfa1d\"><style>.stk-bfbfa1d {margin-bottom:40px !important;}.stk-bfbfa1d-column{--stk-columns-spacing:0px !important;--stk-column-gap:40px !important;}<\/style><div class=\"stk-row stk-inner-blocks stk-block-content stk-content-align stk-bfbfa1d-column\">\n<div class=\"wp-block-stackable-column stk-block-column stk-column stk-block stk-e782460\" data-v=\"4\" data-block-id=\"e782460\"><style>.stk-e782460-container{margin-top:0px !important;margin-right:0px !important;margin-bottom:0px !important;margin-left:0px !important;}.stk-e782460-inner-blocks{row-gap:0px !important;}@media screen and (min-width: 768px){.stk-e782460 {flex:var(--stk-flex-grow, 1) 1 calc(50% - var(--stk-column-gap, 0px) * 1 \/ 2 ) !important;}}<\/style><div class=\"stk-column-wrapper stk-block-column__content stk-container stk-e782460-container stk--no-background stk--no-padding\"><div class=\"stk-block-content stk-inner-blocks stk-e782460-inner-blocks\">\n<p>La <strong>Licenciatura en Enfermer\u00eda<\/strong> se sustenta en un s\u00f3lido marco normativo y legal que es fundamental para garantizar la <strong>calidad y excelencia<\/strong> en la formaci\u00f3n de profesionales de la salud en M\u00e9xico. Las directrices esenciales son establecidas por la Secretar\u00eda de Educaci\u00f3n P\u00fablica (<strong>SEP<\/strong>) y la Direcci\u00f3n General de Educaci\u00f3n Superior Universitaria (<strong>DGESU<\/strong>). Instituciones que aseguran que nuestros planes de estudio cumplan con los m\u00e1s altos est\u00e1ndares acad\u00e9micos y desarrollen las competencias cruciales para la pr\u00e1ctica profesional. Esta rigurosa normativa prepara a los <strong>futuros licenciados<\/strong> para un desempe\u00f1o <strong>competente, \u00e9tico y responsable<\/strong> en un <strong>entorno sanitario din\u00e1mico<\/strong> y en <strong>constante evoluci\u00f3n<\/strong>.<\/p>\n\n\n\n<p>Basado en un modelo universitario de vanguardia, nuestro <strong>enfoque pedag\u00f3gico<\/strong> est\u00e1 dise\u00f1ado para potenciar las habilidades pr\u00e1cticas y el dominio te\u00f3rico de nuestros estudiantes. Fomentando as\u00ed, el <strong>pensamiento cr\u00edtico<\/strong> y la <strong>capacidad de adaptaci\u00f3n<\/strong> a las crecientes exigencias del sector salud. As\u00ed, el plan de estudios ha sido dise\u00f1ado bajo esta perspectiva, aline\u00e1ndose con las normativas y est\u00e1ndares m\u00e1s actualizados a nivel nacional e internacional. Garantizando, no solo la <strong>calidad <\/strong>y <strong>pertinencia<\/strong> de la formaci\u00f3n ofrecida en el contexto mexicano, sino que tambi\u00e9n asegura que nuestros egresados posean las competencias necesarias para destacarse en el campo de la enfermer\u00eda <strong>a nivel global<\/strong>.<br><br><\/p>\n\n\n\n<p class=\"has-text-align-center\">-&gt; <a href=\"http:\/\/www.enfermeria.umich.mx\/index.php\/plan-de-estudio\/\">Ir al <strong>Plan de Estudio<\/strong><\/a><\/p>\n\n\n\n<p><\/p>\n<\/div><\/div><\/div>\n\n\n\n<div class=\"wp-block-stackable-column stk-block-column stk-column stk-block stk-1a29e69\" data-v=\"4\" data-block-id=\"1a29e69\"><style>.stk-1a29e69-container{margin-top:0px !important;margin-right:0px !important;margin-bottom:0px !important;margin-left:0px !important;}@media screen and (min-width: 768px){.stk-1a29e69 {flex:var(--stk-flex-grow, 1) 1 calc(50% - var(--stk-column-gap, 0px) * 1 \/ 2 ) !important;}}<\/style><div class=\"stk-column-wrapper stk-block-column__content stk-container stk-1a29e69-container stk--no-background stk--no-padding\"><div class=\"stk-block-content stk-inner-blocks stk-1a29e69-inner-blocks\">\n<figure class=\"wp-block-image aligncenter size-full\" style=\"margin-top:0;margin-right:0;margin-bottom:0;margin-left:0\"><img loading=\"lazy\" decoding=\"async\" width=\"1430\" height=\"1258\" data-attachment-id=\"5567\" data-permalink=\"http:\/\/www.enfermeria.umich.mx\/index.php\/licenciatura\/escalera\/\" data-orig-file=\"http:\/\/www.enfermeria.umich.mx\/wp-content\/uploads\/2026\/02\/Escalera.png\" data-orig-size=\"1430,1258\" data-comments-opened=\"1\" data-image-meta=\"{&quot;aperture&quot;:&quot;0&quot;,&quot;credit&quot;:&quot;&quot;,&quot;camera&quot;:&quot;&quot;,&quot;caption&quot;:&quot;&quot;,&quot;created_timestamp&quot;:&quot;0&quot;,&quot;copyright&quot;:&quot;&quot;,&quot;focal_length&quot;:&quot;0&quot;,&quot;iso&quot;:&quot;0&quot;,&quot;shutter_speed&quot;:&quot;0&quot;,&quot;title&quot;:&quot;&quot;,&quot;orientation&quot;:&quot;0&quot;}\" data-image-title=\"Escalera\" data-image-description=\"\" data-image-caption=\"\" data-medium-file=\"http:\/\/www.enfermeria.umich.mx\/wp-content\/uploads\/2026\/02\/Escalera-300x264.png\" data-large-file=\"http:\/\/www.enfermeria.umich.mx\/wp-content\/uploads\/2026\/02\/Escalera-1024x901.png\" src=\"http:\/\/www.enfermeria.umich.mx\/wp-content\/uploads\/2026\/02\/Escalera.png\" alt=\"\" class=\"wp-image-5567\" style=\"aspect-ratio:1.1203670167813593;object-fit:cover\" srcset=\"http:\/\/www.enfermeria.umich.mx\/wp-content\/uploads\/2026\/02\/Escalera.png 1430w, http:\/\/www.enfermeria.umich.mx\/wp-content\/uploads\/2026\/02\/Escalera-300x264.png 300w, http:\/\/www.enfermeria.umich.mx\/wp-content\/uploads\/2026\/02\/Escalera-1024x901.png 1024w\" sizes=\"auto, (max-width: 1430px) 100vw, 1430px\" \/><\/figure>\n<\/div><\/div><\/div>\n<\/div><\/div>\n\n\n\n<div class=\"wp-block-stackable-divider stk-block-divider stk-block stk-b378321\" data-block-id=\"b378321\"><style>.stk-b378321 {margin-bottom:2px !important;}<\/style><hr class=\"stk-block-divider__hr\"\/><\/div>\n\n\n\n<h2 class=\"wp-block-heading\">Objetivo General<\/h2>\n\n\n\n<div class=\"wp-block-stackable-columns stk-block-columns stk-block stk-728b970\" data-block-id=\"728b970\"><style>.stk-728b970 {margin-bottom:40px !important;}.stk-728b970-column{--stk-columns-spacing:0px !important;--stk-column-gap:40px !important;}<\/style><div class=\"stk-row stk-inner-blocks stk-block-content stk-content-align stk-728b970-column\">\n<div class=\"wp-block-stackable-column stk-block-column stk-column stk-block stk-e2e8c7b\" data-v=\"4\" data-block-id=\"e2e8c7b\"><style>.stk-e2e8c7b-container{margin-top:0px !important;margin-right:0px !important;margin-bottom:0px !important;margin-left:0px !important;}@media screen and (min-width: 768px){.stk-e2e8c7b {flex:var(--stk-flex-grow, 1) 1 calc(50% - var(--stk-column-gap, 0px) * 1 \/ 2 ) !important;}}<\/style><div class=\"stk-column-wrapper stk-block-column__content stk-container stk-e2e8c7b-container stk--no-background stk--no-padding\"><div class=\"stk-block-content stk-inner-blocks stk-e2e8c7b-inner-blocks\">\n<p class=\"has-white-color has-text-color has-background has-link-color wp-elements-15586a4d36c0eafe098ddb4246909621\" style=\"background-color:#595959\">Formar <strong>profesionales de Enfermer\u00eda altamente competentes<\/strong> en el cuidado integral de la salud de las personas. Nuestros egresados se distinguen por su actitud \u00e9tica y human\u00edstica, y su capacidad para integrarse a equipos multidisciplinarios para dar soluci\u00f3n sustentable a los problemas y necesidades de salud de la poblaci\u00f3n en los diversos niveles de atenci\u00f3n. Esto se logra mediante el uso eficiente de la tecnolog\u00eda, el respeto a la diversidad e interculturalidad, y el compromiso con la cultura de la paz.<\/p>\n\n\n\n<h3 class=\"wp-block-heading\">Objetivos para el Egresado<\/h3>\n\n\n\n<p>Los egresados de la Licenciatura en Enfermer\u00eda ser\u00e1n capaces de:<\/p>\n\n\n\n<p><strong>Impulsar la Investigaci\u00f3n:<\/strong> Participar activamente en la investigaci\u00f3n disciplinar e interdisciplinar que fortalezcan el campo de conocimiento del cuidado. Se apegar\u00e1n a los principios \u00e9ticos para resolver necesidades de salud de la poblaci\u00f3n, utilizando el m\u00e9todo cient\u00edfico y estad\u00edstico con apoyo tecnol\u00f3gico.<\/p>\n\n\n\n<p><strong>Proporcionar Cuidado Humanizado:<\/strong> Brindar cuidado profesional durante todo el ciclo vital, integrando el m\u00e9todo cl\u00ednico y los conceptos metaparadigm\u00e1ticos en su pr\u00e1ctica. Actuar\u00e1n con respeto a la diversidad e interculturalidad (en el marco te\u00f3rico de D. E. Orem), e interactuar\u00e1n con equipos interdisciplinarios y multisectoriales para fortalecer la salud a trav\u00e9s del cuidado.<\/p>\n\n\n\n<p><strong>Desarrollar Programas Educativos:<\/strong> Dise\u00f1ar e implementar programas de intervenci\u00f3n educativa para promover el autocuidado del individuo, la familia y la comunidad. Aplicar\u00e1n el proceso de enfermer\u00eda, el m\u00e9todo epidemiol\u00f3gico, la atenci\u00f3n primaria de salud y protocolos estandarizados basados en evidencia cient\u00edfica, con un enfoque de g\u00e9nero, interculturalidad cr\u00edtica y diversidad, y siempre en el marco de los derechos humanos.<\/p>\n\n\n\n<p><strong>Liderazgo y Gesti\u00f3n:<\/strong> Promover con liderazgo la gesti\u00f3n del cuidado con calidad y seguridad. Esto se lograr\u00e1 dentro del marco de las pol\u00edticas p\u00fablicas y el desarrollo sustentable, utilizando la tecnolog\u00eda y el m\u00e9todo administrativo para alcanzar los objetivos de las instituciones de salud, educativas y comunitarias, en vinculaci\u00f3n con organizaciones gubernamentales y no gubernamentales.<\/p>\n\n\n\n<p><\/p>\n\n\n\n<p><\/p>\n<\/div><\/div><\/div>\n\n\n\n<div class=\"wp-block-stackable-column stk-block-column stk-column stk-block stk-54d942e\" data-v=\"4\" data-block-id=\"54d942e\"><style>.stk-54d942e-container{margin-top:0px !important;margin-right:0px !important;margin-bottom:0px !important;margin-left:0px !important;}@media screen and (min-width: 768px){.stk-54d942e {flex:var(--stk-flex-grow, 1) 1 calc(50% - var(--stk-column-gap, 0px) * 1 \/ 2 ) !important;}}<\/style><div class=\"stk-column-wrapper stk-block-column__content stk-container stk-54d942e-container stk--no-background stk--no-padding\"><div class=\"stk-block-content stk-inner-blocks stk-54d942e-inner-blocks\">\n<h2 class=\"wp-block-heading\">Perfil de Egreso<\/h2>\n\n\n\n<p class=\"has-white-background-color has-background\">El perfil del egresado de la Licenciatura en Enfermer\u00eda est\u00e1 definido por <strong>competencias profesionales integrales<\/strong>. Estas competencias articulan saberes te\u00f3ricos (conocimientos), heur\u00edsticos (habilidades) y axiol\u00f3gicos (valores\/actitudes), con el fin de responder eficazmente a las demandas de la sociedad, de la profesi\u00f3n y del mercado laboral.<\/p>\n\n\n\n<p><\/p>\n\n\n\n<p><strong>Campo laboral<br><\/strong>El egresado de la Licenciatura en Enfermer\u00eda podr\u00e1 ubicarse en los \u00e1mbitos tanto p\u00fablico como privado, desempe\u00f1\u00e1ndose en las \u00e1reas como:<\/p>\n\n\n\n<ul class=\"wp-block-list\">\n<li>Cuidador<\/li>\n\n\n\n<li>Promotor<\/li>\n\n\n\n<li>Educador<\/li>\n\n\n\n<li>Gestor (a) del cuidado<\/li>\n\n\n\n<li>Colaborador<\/li>\n\n\n\n<li>Investigador<\/li>\n<\/ul>\n\n\n\n<p>En los espacios siguientes:<\/p>\n\n\n\n<ul class=\"wp-block-list\">\n<li>Instituciones de salud de primero, segundo y tercer nivel de atenci\u00f3n<\/li>\n\n\n\n<li>Instituciones educativas<\/li>\n\n\n\n<li>Empresas<\/li>\n\n\n\n<li>Guarder\u00edas<\/li>\n\n\n\n<li>Centros deportivos<\/li>\n\n\n\n<li>Asilos y estancias de atenci\u00f3n para adultos mayores<\/li>\n\n\n\n<li>Instituciones de educaci\u00f3n y atenci\u00f3n especial<\/li>\n\n\n\n<li>Centros de desarrollo infantil<\/li>\n\n\n\n<li>Diferentes espacios para el ejercicio de una pr\u00e1ctica profesional independiente<\/li>\n<\/ul>\n\n\n\n<p><\/p>\n\n\n\n<figure class=\"wp-block-image aligncenter size-large is-resized wp-duotone-333-rgb255255255-1\"><img loading=\"lazy\" decoding=\"async\" width=\"922\" height=\"1024\" data-attachment-id=\"2997\" data-permalink=\"http:\/\/www.enfermeria.umich.mx\/index.php\/reglamentos\/web-emblema-fe-2\/\" data-orig-file=\"http:\/\/www.enfermeria.umich.mx\/wp-content\/uploads\/2025\/11\/Web-emblema-FE-1-scaled.png\" data-orig-size=\"2304,2560\" data-comments-opened=\"1\" data-image-meta=\"{&quot;aperture&quot;:&quot;0&quot;,&quot;credit&quot;:&quot;&quot;,&quot;camera&quot;:&quot;&quot;,&quot;caption&quot;:&quot;&quot;,&quot;created_timestamp&quot;:&quot;0&quot;,&quot;copyright&quot;:&quot;&quot;,&quot;focal_length&quot;:&quot;0&quot;,&quot;iso&quot;:&quot;0&quot;,&quot;shutter_speed&quot;:&quot;0&quot;,&quot;title&quot;:&quot;&quot;,&quot;orientation&quot;:&quot;0&quot;}\" data-image-title=\"Web emblema FE\" data-image-description=\"\" data-image-caption=\"\" data-medium-file=\"http:\/\/www.enfermeria.umich.mx\/wp-content\/uploads\/2025\/11\/Web-emblema-FE-1-270x300.png\" data-large-file=\"http:\/\/www.enfermeria.umich.mx\/wp-content\/uploads\/2025\/11\/Web-emblema-FE-1-922x1024.png\" src=\"http:\/\/www.enfermeria.umich.mx\/wp-content\/uploads\/2025\/11\/Web-emblema-FE-1-922x1024.png\" alt=\"\" class=\"wp-image-2997\" style=\"aspect-ratio:0.9003988760733304;object-fit:cover;width:40px\" srcset=\"http:\/\/www.enfermeria.umich.mx\/wp-content\/uploads\/2025\/11\/Web-emblema-FE-1-922x1024.png 922w, http:\/\/www.enfermeria.umich.mx\/wp-content\/uploads\/2025\/11\/Web-emblema-FE-1-270x300.png 270w, http:\/\/www.enfermeria.umich.mx\/wp-content\/uploads\/2025\/11\/Web-emblema-FE-1-2000x2222.png 2000w\" sizes=\"auto, (max-width: 922px) 100vw, 922px\" \/><\/figure>\n<\/div><\/div><\/div>\n<\/div><\/div>\n\n\n\n<div class=\"wp-block-stackable-divider stk-block-divider stk-block stk-1e07e41\" data-block-id=\"1e07e41\"><hr class=\"stk-block-divider__hr\"\/><\/div>\n\n\n\n<p><\/p>\n","protected":false},"excerpt":{"rendered":"<p>La Licenciatura en Enfermer\u00eda se sustenta en un s\u00f3lido marco normativo y legal que es fundamental para garantizar la calidad y excelencia en la formaci\u00f3n de profesionales de la salud en M\u00e9xico. Las directrices esenciales son establecidas por la Secretar\u00eda de Educaci\u00f3n P\u00fablica (SEP) y la Direcci\u00f3n General de Educaci\u00f3n Superior Universitaria (DGESU). Instituciones que &hellip; <\/p>\n<p class=\"link-more\"><a href=\"http:\/\/www.enfermeria.umich.mx\/index.php\/licenciatura\/\" class=\"more-link\">Leer m\u00e1s<span class=\"screen-reader-text\"> \u00abLicenciatura\u00bb<\/span><\/a><\/p>\n","protected":false},"author":2,"featured_media":0,"parent":0,"menu_order":0,"comment_status":"closed","ping_status":"closed","template":"","meta":{"inspiro_hide_title":false,"footnotes":""},"class_list":["post-74","page","type-page","status-publish","hentry"],"jetpack_likes_enabled":true,"jetpack_sharing_enabled":true,"_links":{"self":[{"href":"http:\/\/www.enfermeria.umich.mx\/index.php\/wp-json\/wp\/v2\/pages\/74","targetHints":{"allow":["GET"]}}],"collection":[{"href":"http:\/\/www.enfermeria.umich.mx\/index.php\/wp-json\/wp\/v2\/pages"}],"about":[{"href":"http:\/\/www.enfermeria.umich.mx\/index.php\/wp-json\/wp\/v2\/types\/page"}],"author":[{"embeddable":true,"href":"http:\/\/www.enfermeria.umich.mx\/index.php\/wp-json\/wp\/v2\/users\/2"}],"replies":[{"embeddable":true,"href":"http:\/\/www.enfermeria.umich.mx\/index.php\/wp-json\/wp\/v2\/comments?post=74"}],"version-history":[{"count":99,"href":"http:\/\/www.enfermeria.umich.mx\/index.php\/wp-json\/wp\/v2\/pages\/74\/revisions"}],"predecessor-version":[{"id":5568,"href":"http:\/\/www.enfermeria.umich.mx\/index.php\/wp-json\/wp\/v2\/pages\/74\/revisions\/5568"}],"wp:attachment":[{"href":"http:\/\/www.enfermeria.umich.mx\/index.php\/wp-json\/wp\/v2\/media?parent=74"}],"curies":[{"name":"wp","href":"https:\/\/api.w.org\/{rel}","templated":true}]}}